 122. Let d be o(-31). Determine w(d).
-12
Let s(t) be the first derivative of -t**4/4 - t**3/3 - 5*t**2/2 - 11*t - 27. Let f be s(-2). Let p(i) = -i**2 + 2*i + 3. What is p(f)?
0
Let f(d) = -2*d**3 - 170*d**2 - 166*d + 164. Let o be f(-84). Let u(l) = -l**2 - 2*l + 9. Calculate u(o).
1
Suppose -6*g - 4 = -10. Let q(c) = 0*c + 22*c - 2*c. Determine q(g).
20
Let n = -945 + 945. Let m(v) be the third derivative of v**4/24 - v**3/6 - 11*v**2. Calculate m(n).
-1
Let n(x) = 2*x**3 - 36*x**2 + 2. Let f be n(18). Let w be f*1/(-1 + -1 + 0). Let a(j) = 3*j. Give a(w).
-3
Let z(r) = -4*r + 48. Let s be z(10). Let t(q) = -6*q**2 + s - q**2 + 6*q**2 - 6*q. Let m(l) = l**3 - 6. Let p be m(0). Determine t(p).
8
Let o(r) be the first derivative of 0*r**5 - 23 - 1/24*r**4 + 0*r - 1/6*r**3 + 7*r**2 + 1/20*r**6. Let h(t) be the second derivative of o(t). What is h(-1)?
-6
Suppose -312 = 11*t - 950. Suppose -48 = -t*r + 64*r. Let a(f) = -1 + 0 - 3 - f. What is a(r)?
4
Let r(o) = 6*o - 3. Suppose 0 = 9*x + 5*x - 42. Suppose 2*s - a + 192 = -6*a, -x*s = -a + 305. Let p = 104 + s. Give r(p).
15
Let o(a) = -5*a - 6. Let p(j) be the first derivative of -j**4/4 - 4*j**3/3 + 3*j + 60. Let q be p(-3). Give o(q).
24
Let o(x) = 4*x**2 - 3*x**3 - x**2 - 7*x**2 + 97 - x - 103. Let b be o(-2). Let u(j) = 3*j**3 + 7 - j - 2 - 2*j**3 - 5*j**2. Give u(b).
-15
Let f(y) be the second derivative of y**5/20 + y**3/6 + 3*y**2 - 770*y. Determine f(0).
6
Let r(b) = b**3 - 8*b**2 + 5. Let p = 64 + -61. Let f(a) = -24*a**3 - 21*a**3 - 3*a**2 + a + 44*a**p + a. Let s be f(-4). Give r(s).
5
Let n(l) be the third derivative of l**6/720 + l**5/24 - 13*l**4/2 + 72*l**2 + 1. Let g(s) be the second derivative of n(s). Give g(-11).
-6
Let h(a) = 63 - 127 - 20*a + 80. Give h(1).
-4
Let q(d) = -d**3 - 7*d**2 + 4*d - 12. Let v(s) = -6*s**3 - 9*s**2 - s + 9. Let m be v(1). Determine q(m).
-40
Let y(x) = -x - 1. Let u be 3 - (1 - -2 - 1). Let t(f) = -f**2 + 8*f + 5. Let d(p) = 2*p. Let s(h) = -3*d(h) + t(h). Let v(m) = u*s(m) + 3*y(m). Calculate v(2).
-4
Suppose 0 = r - 2, -3*c - 2*c - 5*r + 20 = 0. Suppose c*s = -3*x + 6, -3 = -3*s - 5*x + 6. Suppose -7*t = -s*t. Let b(j) = -j**2 + j + 16. Give b(t).
16
Let o(y) = -2*y - 299. Let x(n) = -2*n - 230. Let d(i) = -3*o(i) + 4*x(i). Let t be -10*1/(4 + -3). Determine d(t).
-3
Let b(c) be the second derivative of c**4/4 - 8*c**3/3 + 13*c**2/2 + 36*c - 2. Let s(i) = -4*i**2 + 24*i - 19. Let o(w) = -7*b(w) - 5*s(w). What is o(-9)?
-5
Let q(j) = j + 8. Let p(u) = 2*u + 2. Let m be p(2). Let t be 3 - 4/m*12. Let c(n) = -1. Let d(x) = t*c(x) - q(x). Give d(-5).
2
Let i(z) = -323*z**2 + 19*z - 16. Let l(n) = -1130*n**2 + 57*n - 49. Let h(q) = 7*i(q) - 2*l(q). Suppose -19 = -3*p + 35. Calculate h(p).
4
Let m(x) = -5*x**2 - 5 + 5 - x. Let o be m(-1). Let l(k) be the first derivative of -k**4/4 - 4*k**3/3 + k**2/2 + 544. Give l(o).
-4
Let z(i) = -i**3 + 10*i**2 + 11. Let x be z(10). Suppose -6*k = -19 - x. Let u(p) be the first derivative of p**3/3 - 3*p**2/2 - 6*p - 817. Calculate u(k).
4
Let p(c) be the second derivative of 52*c - 6*c**2 + 1/12*c**4 - c**3 + 0. Determine p(7).
-5
Suppose -19 = 3*x - m, 2*x + 6 = -0*x + 2*m. Let s(f) = -f**3 - 8*f**2 - 8*f - 86. What is s(x)?
-22
Let n(g) = g**2 + 3*g + 11. Suppose -165 = 21*y + 12*y. Let o(t) = -t**2 - 4*t - 11. Let p(v) = y*o(v) - 4*n(v). What is p(-5)?
-4
Let g(l) = -5*l**2 - 14*l - 1. Let v(h) = -22*h**2 - 58*h - 4. Let i(s) = 9*g(s) - 2*v(s). Let c be (-8)/(48/(-54))*-1*1. What is i(c)?
8
Let t(z) = 2*z + 5. Let r be (-1)/2*(-38 + 4 + 0). Let n = r - 23. Give t(n).
-7
Let r(g) = -g**3 + 22*g**2 + 84*g + 34. Let c(v) = -2*v**3 + 46*v**2 + 184*v + 68. Let m(z) = -6*c(z) + 13*r(z). Give m(8).
66
Let i(t) = 3*t**2 + 18*t + 10. Let r be i(-6). Let v(o) = o - 4. Let k(l) = -l**3 + 9*l**2 + 12*l - 3. Let d(s) = -k(s) + 3*v(s). Give d(r).
1
Let k(j) = -j - 1. Suppose a - 2 = 1. Let x(r) = -r**3 - 3 - r**3 - 11*r + 12*r**2 + r**a - r**2. Let l(u) = -2*k(u) + x(u). Give l(10).
9
Let v(z) be the first derivative of z**2/2 + 2*z + 218. Suppose -11*i = -5*i - 30. Suppose -2*s + 24 = -i*s. Calculate v(s).
-6
Let x(d) = -6*d + 15. Let v(q) be the first derivative of 5*q**2/2 - 16*q - 6. Let s(f) = -5*v(f) - 4*x(f). Let w = -32 - -32. Determine s(w).
20
Let l(q) be the first derivative of -q**4/4 - 13*q**3/3 - 8*q**2 - 17*q + 1170. Give l(-12).
31
Suppose 3*u + u + 35 = -3*y, -15 = 5*u - 2*y. Let a = 253 + -251. Let q(c) = 4 + 55*c + 3*c**a - 45*c - 2*c**2. Give q(u).
-21
Let a(x) = -1471345*x**3 + 2*x + 2*x**2 - 4*x**2 + 735668*x**3 + 735681*x**3 - 1. Let h = 10 + -6. Suppose 5*t + n = 2, h*n - 2*n + 4 = -2*t. Determine a(t).
3
Let u(a) = 6*a - 7. Let f(w) = w**2 - 35*w - 6. Let q be f(0). Determine u(q).
-43
Let d = 6 + 3. Let y = -1 + d. Let n(b) = b**3 - 2*b**2. Let p(j) = 3*j**3 - j. Let z(h) = -4*n(h) + p(h). Give z(y).
-8
Suppose -11 = -2*w + d, -4*d = -155*w + 150*w + 20. Let k(j) = j**3 - 9*j**2 + 8*j + 3. Determine k(w).
3
Let r(a) = -a**3 - 2*a**2 + 11 - 8*a - 6*a**2 - 4. Suppose -51 = -4*u - 5*l, -l = -4*u + 39 + 42. Let h(j) = 2*j**2 - 37*j - 26. Let o be h(u). Give r(o).
14
Suppose -4*w + z - 4098 = 15491, 0 = -3*z + 15. Let m be w/112 + (-2)/7. Let a = -49 - m. Let s(t) = -3*t - 1. Calculate s(a).
14
Let x(o) = o**2 - 6*o + 10. Let i be x(4). Suppose i = -c + 9. Let v(d) = -c - 28*d - 1 + 29*d. Determine v(8).
0
Let c = -6 + 9. Let r be c/(-9)*0 + 1. Let a(m) = -4*m**3 + 9*m**2 + 2*m. Let z(w) = 25*w**3 - 51*w**2 - 11*w. Let v(j) = 17*a(j) + 3*z(j). Calculate v(r).
8
Let f(v) be the second derivative of -v**3/3 + 31*v**2/2 - 169*v. Give f(20).
-9
Let i(m) = -93*m - 127. Let f(w) = -54*w - 63. Let r(g) = 7*f(g) - 4*i(g). Calculate r(4).
43
Let f be (-14)/(84/(-15))*-2. Let w(c) = 10*c + 26. Calculate w(f).
-24
Let a(h) = -3*h - 5 + 4 - 9 + 4*h. Suppose -119*v = -110*v + 3240. Let q = v + 368. Calculate a(q).
-2
Let x = 2496 + -2490. Let o(j) = -j**2 + 11*j - 30. Give o(x).
0
Suppose 2*c + 201 + 69 = -2*v, -v + 699 = -5*c. Let n = -130 - c. Let u(o) = -o + 18. Calculate u(n).
9
Suppose -87*i - 51*i = 690. Let a(t) = -t**3 - 6*t**2 + 3*t + 52. Determine a(i).
12
Let n(d) be the third derivative of -d**4/6 - 13*d**3/3 - 5*d**2 + 48*d. Let z = -20 + 13. Let t be n(z). Let j(v) = -3*v**3 - 2*v - 1. What is j(t)?
-29
Suppose -3*q + 13 - 7 = 5*f, 3*f = 4*q - 37. Let a(m) = 19 + q*m + m - 22 + 0*m. Give a(3).
21
Let b(y) be the third derivative of 0 - 1/60*y**5 - 1/8*y**4 - 57*y + y**2 + 0*y**3. Calculate b(-1).
2
Let l(b) be the third derivative of -b**6/240 + b**5/15 - 169*b**4/24 + 27*b**2 + 2. Let j(n) be the second derivative of l(n). Calculate j(11).
-25
Suppose -i + 6 = 4*d - 1, 3 = 2*d + i. Let x(h) = -5 + 8*h**2 - 2 - h**3 + d - 5*h. Suppose 0 = -5*c + 19 + 16. What is x(c)?
9
Let p(a) = -a**2 - 3*a - 4. Let s = 44 - 42. Let z be (-1)/((-1)/(-15)) + s. Let q(d) = -d**3 - 13*d**2 + d + 8. Let i be q(z). Calculate p(i).
-14
Let j(y) = -2*y - 83. Let m(r) = -4*r - 83. Let c(i) = -6*j(i) + 5*m(i). Let p be c(10). Let x(t) = t**2 - 3*t + 3. Give x(p).
3
Let u(f) = f**2 - 8*f + 7. Let p(m) = -m - 4 + 4 + 0 + 5. Suppose -5*o = t - 5, t + 4*o - 4 = 2*t. Let k be p(t). Give u(k).
-8
Suppose -9*i - 6*i = -975. Let q(w) = 57 - i - w**3 - 7*w**2 + 8*w + w. What is q(-8)?
-16
Let v(u) = -4*u - 45. Let h = -35951 + 35938. Determine v(h).
7
Let k be (-30)/8*(-172)/215 + 14. Let d(u) = -u**3 + 16*u**2 + 14*u - 1. Give d(k).
-52
Let i(u) = 4125*u + 2 + 4135*u - 8242*u. Calculate i(-2).
-34
Let i(d) = 177 - 60 + 777*d - 1485*d + d**2 + 742*d. What is i(-4)?
-3
Let w(x) = -x**2 - 24*x - 141. Let r be w(-12). Let q(u) = -u**3 + 4*u**2 + 34*u - 106. Determine q(r).
5
Let p be (450/750)/((-3)/(-65)). Let l(w) = -w**3 + 12*w**2 + 13*w - 1. Determine l(p).
-1
Let q(g) be the third derivative of 0 - 1/24*g**4 + 0*g**3 + 0*g - 299*g**2. What is q(-4)?
4
Let z(a) = 48*a + 3068. Let r be z(-64). Suppose -10 = -5*w - 0. Let u(g) = g + 3 - w + 4. What is u(r)?
1
Let r(k) = k - 5. Let t = 876 - 874. Suppose -4*p + 8 = -t*s, 3*s - 3*p = -8*p - 1. Give r(s).
-7
Suppose -v = -3*a - 9, 413*v - 4*a = 408*v + 144. Let f(q) = -q**2 + 45*q - 315. Give f(v).
9
Let t(c) = 22965*c**2 + 12 - 11484*c**2 - 11482*c**2 - 8*c. Let l = 0 + -9. What is